common factor of f and n.
10
Let u(g) = 5*g. Let x be u(8). Calculate the greatest common factor of 100 and x.
20
Let n = 7 + -34. Let a be n/(-6) - 3/(-2). What is the greatest common factor of a and 24?
6
Let s be 4/12 + (-26)/(-3). What is the highest common divisor of 27 and s?
9
Let x(w) = -w - 7. Let t be x(-10). Suppose 4 = -4*d, -t = -c + 2*d + 10. Calculate the highest common divisor of 33 and c.
11
Suppose n = -g + 14, -13 = -5*g + 2. Calculate the greatest common factor of 55 and n.
11
Suppose 4*p - 2*q - 518 = -4*q, -391 = -3*p + q. Calculate the highest common factor of 13 and p.
13
Suppose -3 - 1 = 2*a. Let z be 20/6*(-39)/a. Let w = -61 + 87. Calculate the greatest common divisor of w and z.
13
Let b be ((-75)/(-20))/5 + (-394)/(-8). What is the highest common factor of 125 and b?
25
Suppose -5*b + 28 = -7. Suppose 5*g = -5*l + 230, -4*g = -2*l - l + 159. What is the highest common factor of l and b?
7
Suppose -t = -3*t + 44. Let y be 12 - (9/(-3))/(-3). What is the greatest common divisor of t and y?
11
Suppose -2*d = -d - 2. Suppose -2*x = d*x. Suppose -b + 7 = -x. What is the highest common factor of 14 and b?
7
Suppose 0 = 2*b - 16 + 6. Suppose -b*z - 4*k = -283, 0*k + 120 = 2*z + 5*k. What is the greatest common factor of 5 and z?
5
Let q = -2 + 1. Let h = q + 9. Let r(a) = a**2 - 8*a - 9. Let k be r(13). Calculate the highest common divisor of k and h.
8
Let m be ((-10)/3)/((-2)/(-18)). Let k = m - -66. What is the greatest common factor of k and 12?
12
Let q = -6 + 7. Let r be q/(-2)*(-27 + 5). What is the highest common divisor of r and 33?
11
Let a be -3*2*(-3)/(-18). Let n be (-11 - a) + (-2)/(-1). Let w = -4 - n. Calculate the greatest common divisor of 44 and w.
4
Let f(m) = 2 + m + 0*m - 2*m. Let q be f(-4). Calculate the greatest common divisor of q and 12.
6
Let r be 1*(-92)/(-23)*(-7)/(-4). Let y = -64 + 113. What is the highest common divisor of r and y?
7
Suppose -4*b - b + 10 = 5*s, 4*b = -2*s + 4. Suppose 3*m - 67 - 101 = b. Calculate the greatest common divisor of 8 and m.
8
Let n = 5 + -10. Let k be ((-8)/n)/(12/150). Calculate the greatest common divisor of k and 4.
4
Let r(v) = -v**3 - 9*v**2 + 8*v - 12. Let q be r(-10). What is the greatest common factor of 12 and q?
4
Let v(k) = k**3 + 5*k**2 - 8*k - 4. Let x be v(-6). Let m(d) = 4*d + 40. Let c be m(0). What is the greatest common divisor of x and c?
8
Let c(q) = q + 7. Let o be c(0). Suppose 4*h - 12 = -4*i, 4*h + 4*i = 5*h - 23. Calculate the highest common divisor of o and h.
7
Suppose -3*k + 4*v + 326 - 9 = 0, 12 = 3*v. What is the highest common factor of 37 and k?
37
Suppose 0 = 5*c + 8 - 138. Suppose 0 = 5*l - 2 - 13. Suppose 3*y = 5*w - 52 + 10, y + c = l*w. Calculate the highest common divisor of 9 and w.
9
Suppose 12*v - 116 - 88 = 0. Suppose 5*o - 1169 = -234. Calculate the greatest common factor of v and o.
17
Suppose -j + 4*y + 24 = -164, -j - 5*y = -170. Suppose -3*p = -8*p + 4*z + 116, -3*z = -5*p + 112. Calculate the highest common divisor of p and j.
20
Suppose 5 = 5*k - 5. Suppose 0 = h - 11 + k. Calculate the greatest common divisor of h and 72.
9
Let c(m) = 2*m**3 - 4*m**2 + 2*m. Let i be c(2). Suppose -i*y = y - 225. What is the greatest common divisor of 30 and y?
15
Let f be 119 - 3*4/(-12). Calculate the greatest common factor of 15 and f.
15
Let t(j) = 4*j**2 + 2*j**2 + j**2 + 7 + j - j**3. Let c be t(6). Let s = -18 - -25. What is the greatest common factor of s and c?
7
Let g be (-2)/(-7) + 192/14. Let r(f) = 2 - 7*f**2 + 27*f**2 + 27*f**2 - 9*f**2. Let h be r(2). Calculate the highest common factor of h and g.
14
Suppose -x = 3*x - 72. Suppose 0 = -16*n + 13*n + 216. Calculate the greatest common divisor of x and n.
18
Let b be ((-4)/(-10))/((-2)/(-20)). Suppose b*l + 0*l - 3*p - 12 = 0, -12 = -3*l + 3*p. Let t = 1 + l. Calculate the greatest common factor of t and 1.
1
Suppose -5*y + 4*u = -0*u - 359, -2*y + 146 = -u. What is the highest common divisor of 15 and y?
15
Let s(i) = -i**2 + 6*i - 6. Let v be s(4). Calculate the greatest common divisor of 22 and v.
2
Suppose 0*c + k = c - 5, -3 = c + 3*k. Suppose 0*w + 2*w = -5*t + 195, -284 = -c*w + t. What is the highest common divisor of w and 38?
19
Let j be 3 + -5 + (-141)/(-3). What is the highest common factor of 15 and j?
15
Suppose -4*h + 28 = 5*o - o, -3*h + 5*o + 37 = 0. Suppose -3*w = -h - 36. Calculate the greatest common divisor of w and 105.
15
Suppose 3*q = 0, 0*w + 3*q = -w + 21. Let c(x) = -x**3 + 6*x**2 - 3*x - 2. Let j be c(5). Let i be 110/8 + 2/j. Calculate the highest common divisor of i and w.
7
Let c(x) = -x**3 + 7*x**2 - 7*x + 4. Let o be c(6). Let w = o - -7. Calculate the greatest common factor of w and 55.
5
Suppose 3*k = 4*k + 4. Let r(l) = 2*l**2 - 5. Let f be r(k). What is the highest common factor of 3 and f?
3
Suppose f + 3 = 10. Suppose 112 = 213*p - 211*p. What is the greatest common factor of f and p?
7
Let k = -16 + 30. Suppose 5*p = 5*t - 2*t + 9, -2*p - 4*t + 14 = 0. Suppose -p*c = -c - 224. What is the highest common divisor of c and k?
14
Suppose -4*h + 350 = -190. What is the greatest common factor of 27 and h?
27
Suppose 4*s - 108 = 4*y - 8*y, -s + 37 = -y. What is the highest common divisor of s and 8?
8
Let w = -95 + 113. Calculate the highest common factor of w and 54.
18
Let p(l) = -3*l - 10. Let b be p(-7). Let g = b + -2. What is the greatest common divisor of g and 18?
9
Let y = 12 + -11. Calculate the highest common factor of 2 and y.
1
Suppose -5*a = -d - 843, -a = -4*a + 3*d + 513. What is the highest common factor of a and 24?
24
Let x = 37 - 26. Suppose -h = -x + 1. Let i = 31 - h. What is the highest common factor of 3 and i?
3
Let k be ((-29)/2)/((-2)/4). Let j = -9 + k. Let c = 24 - 14. Calculate the highest common factor of j and c.
10
Let r = -2 - -4. Suppose -f + r*j + 63 = -107, 340 = 2*f + 4*j. Calculate the highest common divisor of f and 17.
17
Let x(o) = 8*o**2 - 12*o + 8. Let r be x(4). Let w be (-10)/(-3)*(-6)/(-5). Suppose -s - 33 = -w*s. What is the highest common divisor of s and r?
11
Let x be (126/5)/(8/160*4). What is the highest common factor of 14 and x?
14
Suppose 2*s - 3*i = -11, -s - 3*i = 2*i - 27. Let h = -8 - s. Let g be 4/h + (-34)/(-10). Calculate the highest common divisor of 6 and g.
3
Suppose 2*s - 9 = 1. Suppose 0 = -5*n + d + 10, 4*n = -2*d - 5 - 1. What is the highest common divisor of n and s?
1
Let k(c) = -c**2 - 6*c + 3. Let s be k(-6). Let i be (-6)/(-4*s/18). Calculate the greatest common factor of i and 81.
9
Suppose 4*n - 112 = -3*d, -5*d + 3*n + n = -144. Suppose o + 29 = 4*j + 2*o, -28 = -5*j - 4*o. Calculate the highest common factor of d and j.
8
Suppose -44 = 15*d - 19*d. Let a be (2 - -51 - -2)*1. Calculate the greatest common factor of d and a.
11
Let n(h) = h + 5. Let l be n(-3). Let p be 13 + (0/l - 3). What is the greatest common factor of 15 and p?
5
Suppose 0*w + 18 = 3*w. Suppose -3*l - 69 = -5*z, 0*l - 15 = 5*l. Calculate the greatest common divisor of w and z.
6
Let x be (-44)/55 + 48/10. Calculate the highest common divisor of 3 and x.
1
Let i(f) = -22*f + 4. Let s be i(-3). What is the greatest common factor of s and 14?
14
Suppose -2*s = 3 - 9. Suppose -2*y = -4*q + 318, s*q - 2*y = -3*y + 226. Let h be 0 - (-1 - 0 - 10). Calculate the highest common factor of q and h.
11
Let x(j) = -j**2 + 7*j + 7. Let h = 22 + -14. Let f be x(h). Let b(l) = 37*l**2 + l. Let r be b(f). What is the greatest common factor of r and 9?
9
Let r(q) = -q**3 - 3*q**2 + 3*q - 1. Let t be r(-3). Let p be (-2)/(-5) - 166/t. Let z = p - 12. Calculate the greatest common factor of 35 and z.
5
Let s be -1 + (0/(-3))/1. Let p be ((-35)/21)/(s/54). Calculate the highest common factor of 36 and p.
18
Let x be 4*14/16*12/14. Calculate the highest common factor of 2 and x.
1
Let j = 31 - 21. Let g be (j/(-4))/(4/(-8)). Let y(o) = 7*o - 7. Let d be y(g). What is the highest common factor of d and 4?
4
Let u = -128 + 131. Calculate the greatest common divisor of 9 and u.
3
Let m be -2 + (1 + 10 - 1). Suppose -2*d = -m - 10. Suppose -2*t = -0*t - 198. What is the highest common factor of t and d?
9
Suppose -4*w = 5*s + 8, -2*s = -4*w - 6*s - 4. Let p(d) = d**2 - 10*d - 10. Let t be p(11). Calculat